{"id":316,"date":"2026-04-03T09:06:00","date_gmt":"2026-04-03T09:06:00","guid":{"rendered":"https:\/\/www.anyajegyklinika.hu\/?page_id=316"},"modified":"2026-04-07T16:02:04","modified_gmt":"2026-04-07T16:02:04","slug":"316-2","status":"publish","type":"page","link":"https:\/\/www.anyajegyklinika.hu\/?page_id=316","title":{"rendered":"\u00c1rak"},"content":{"rendered":"<p>[et_pb_section fb_built=&#8221;1&#8243; admin_label=&#8221;Packages&#8221; _builder_version=&#8221;4.19.2&#8243; _module_preset=&#8221;default&#8221; collapsed=&#8221;on&#8221; global_colors_info=&#8221;{}&#8221;][et_pb_row make_equal=&#8221;on&#8221; _builder_version=&#8221;4.27.4&#8243; _module_preset=&#8221;default&#8221; custom_padding=&#8221;||0px|||&#8221; locked=&#8221;off&#8221; global_colors_info=&#8221;{}&#8221;][et_pb_column type=&#8221;4_4&#8243; _builder_version=&#8221;4.17.4&#8243; _module_preset=&#8221;default&#8221; custom_padding=&#8221;10%|10%|10%|10%|true|true&#8221; custom_padding_tablet=&#8221;30px|30px|30px|30px|true|true&#8221; custom_padding_phone=&#8221;20px|20px|20px|20px|true|true&#8221; custom_padding_last_edited=&#8221;on|phone&#8221; global_colors_info=&#8221;{}&#8221;][et_pb_text _builder_version=&#8221;4.27.4&#8243; _module_preset=&#8221;c16985e1-e0d6-4022-964d-e2bfc04fa633&#8243; header_font=&#8221;|600|||||||&#8221; header_text_color=&#8221;#472f4b&#8221; header_font_size=&#8221;80px&#8221; text_orientation=&#8221;center&#8221; header_font_size_tablet=&#8221;40px&#8221; header_font_size_phone=&#8221;24px&#8221; header_font_size_last_edited=&#8221;on|desktop&#8221; locked=&#8221;off&#8221; global_colors_info=&#8221;{}&#8221;]<\/p>\n<h1>\u00c1rak<\/h1>\n<p>[\/et_pb_text][\/et_pb_column][\/et_pb_row][et_pb_row _builder_version=&#8221;4.27.4&#8243; _module_preset=&#8221;default&#8221; custom_margin=&#8221;10px||10px||false|false&#8221; custom_padding=&#8221;10px|10px|10px|10px|false|false&#8221; border_width_bottom=&#8221;2px&#8221; global_colors_info=&#8221;{}&#8221;][et_pb_column type=&#8221;4_4&#8243; _builder_version=&#8221;4.19.2&#8243; _module_preset=&#8221;default&#8221; global_colors_info=&#8221;{}&#8221;][et_pb_text _builder_version=&#8221;4.27.4&#8243; _module_preset=&#8221;_initial&#8221; header_font=&#8221;||||||||&#8221; header_3_font=&#8221;Playfair Display|600|||||||&#8221; header_3_font_size=&#8221;25px&#8221; header_3_line_height=&#8221;1.4em&#8221; min_height=&#8221;50.8px&#8221; custom_margin=&#8221;10px||10px||false|false&#8221; custom_padding=&#8221;10px||10px||false|false&#8221; header_3_font_size_tablet=&#8221;20px&#8221; header_3_font_size_phone=&#8221;16px&#8221; header_3_font_size_last_edited=&#8221;on|desktop&#8221; global_colors_info=&#8221;{}&#8221;]<\/p>\n<div class=\"mc-icon-row\" data-explained=\"specialization\">\n<p class=\"mc-h3\" style=\"text-align: center;\"><span style=\"font-size: large;\">FotoFinder<a href=\"https:\/\/www.anyajegyklinika.hu\/?page_id=152\"> <strong>1-3 db anyajegy<\/strong> digit\u00e1lis vizsg\u00e1lata<\/a> szakorvosi ki\u00e9rt\u00e9kel\u00e9ssel (15 perc)<\/span><\/p>\n<\/div>\n<div class=\"mc-icon-row\" data-explained=\"price\"><\/div>\n<p>[\/et_pb_text][et_pb_text _builder_version=&#8221;4.27.4&#8243; _module_preset=&#8221;_initial&#8221; header_font=&#8221;||||||||&#8221; header_3_font=&#8221;Playfair Display|600|||||||&#8221; header_3_font_size=&#8221;25px&#8221; header_3_line_height=&#8221;1.4em&#8221; min_height=&#8221;50.8px&#8221; custom_margin=&#8221;10px||10px||false|false&#8221; custom_padding=&#8221;10px||10px||false|false&#8221; header_3_font_size_tablet=&#8221;20px&#8221; header_3_font_size_phone=&#8221;16px&#8221; header_3_font_size_last_edited=&#8221;on|desktop&#8221; global_colors_info=&#8221;{}&#8221;]<\/p>\n<div class=\"mc-icon-row\" data-explained=\"specialization\">\n<h2 style=\"text-align: center;\"><span style=\"color: #456145; font-size: x-large;\"><strong><span style=\"font-family: 'Open Sans';\">20.000 Ft<\/span><\/strong><\/span><\/h2>\n<\/div>\n<div class=\"mc-icon-row\" data-explained=\"price\"><\/div>\n<p>[\/et_pb_text][\/et_pb_column][\/et_pb_row][et_pb_row _builder_version=&#8221;4.27.4&#8243; _module_preset=&#8221;default&#8221; custom_margin=&#8221;10px||10px||false|false&#8221; custom_padding=&#8221;10px|10px|10px|10px|false|false&#8221; border_radii=&#8221;on|4px|4px|4px|4px&#8221; border_width_bottom=&#8221;2px&#8221; global_colors_info=&#8221;{}&#8221;][et_pb_column type=&#8221;4_4&#8243; _builder_version=&#8221;4.19.2&#8243; _module_preset=&#8221;default&#8221; global_colors_info=&#8221;{}&#8221;][et_pb_text _builder_version=&#8221;4.27.4&#8243; _module_preset=&#8221;_initial&#8221; header_font=&#8221;||||||||&#8221; header_3_font=&#8221;Playfair Display|600|||||||&#8221; header_3_font_size=&#8221;25px&#8221; header_3_line_height=&#8221;1.4em&#8221; min_height=&#8221;50.8px&#8221; custom_margin=&#8221;10px||10px||false|false&#8221; custom_padding=&#8221;10px||10px||false|false&#8221; header_3_font_size_tablet=&#8221;20px&#8221; header_3_font_size_phone=&#8221;16px&#8221; header_3_font_size_last_edited=&#8221;on|desktop&#8221; global_colors_info=&#8221;{}&#8221;]<\/p>\n<div class=\"mc-icon-row\" data-explained=\"specialization\">\n<p class=\"mc-h3\" style=\"text-align: center;\"><span style=\"font-size: large;\">FotoFinder <a href=\"https:\/\/www.anyajegyklinika.hu\/?page_id=135\"><strong>teljes testt\u00e9rk\u00e9pes<\/strong> anyajegysz\u0171r\u00e9s<\/a> szakorvosi ki\u00e9rt\u00e9kel\u00e9ssel (60 perc)<\/span><\/p>\n<\/div>\n<div class=\"mc-icon-row\" data-explained=\"price\"><\/div>\n<p>[\/et_pb_text][et_pb_text _builder_version=&#8221;4.27.4&#8243; _module_preset=&#8221;_initial&#8221; header_font=&#8221;||||||||&#8221; header_3_font=&#8221;Playfair Display|600|||||||&#8221; header_3_font_size=&#8221;25px&#8221; header_3_line_height=&#8221;1.4em&#8221; min_height=&#8221;50.8px&#8221; custom_margin=&#8221;10px||10px||false|false&#8221; custom_padding=&#8221;10px||10px||false|false&#8221; header_3_font_size_tablet=&#8221;20px&#8221; header_3_font_size_phone=&#8221;16px&#8221; header_3_font_size_last_edited=&#8221;on|desktop&#8221; global_colors_info=&#8221;{}&#8221;]<\/p>\n<div class=\"mc-icon-row\" data-explained=\"specialization\">\n<h2 style=\"text-align: center;\"><span style=\"color: #456145; font-size: x-large;\"><strong><span style=\"font-family: 'Open Sans';\">59.000 Ft<\/span><\/strong><\/span><\/h2>\n<\/div>\n<div class=\"mc-icon-row\" data-explained=\"price\"><\/div>\n<p>[\/et_pb_text][\/et_pb_column][\/et_pb_row][et_pb_row _builder_version=&#8221;4.27.4&#8243; _module_preset=&#8221;default&#8221; custom_margin=&#8221;10px||10px||false|false&#8221; custom_padding=&#8221;10px|10px|10px|10px|false|false&#8221; border_radii=&#8221;on|4px|4px|4px|4px&#8221; border_width_bottom=&#8221;2px&#8221; global_colors_info=&#8221;{}&#8221;][et_pb_column type=&#8221;4_4&#8243; _builder_version=&#8221;4.19.2&#8243; _module_preset=&#8221;default&#8221; global_colors_info=&#8221;{}&#8221;][et_pb_text _builder_version=&#8221;4.27.4&#8243; _module_preset=&#8221;_initial&#8221; header_font=&#8221;||||||||&#8221; header_3_font=&#8221;Playfair Display|600|||||||&#8221; header_3_font_size=&#8221;25px&#8221; header_3_line_height=&#8221;1.4em&#8221; min_height=&#8221;50.8px&#8221; custom_margin=&#8221;10px||10px||false|false&#8221; custom_padding=&#8221;10px||10px||false|false&#8221; header_3_font_size_tablet=&#8221;20px&#8221; header_3_font_size_phone=&#8221;16px&#8221; header_3_font_size_last_edited=&#8221;on|desktop&#8221; global_colors_info=&#8221;{}&#8221;]<\/p>\n<div class=\"mc-icon-row\" data-explained=\"specialization\">\n<p class=\"mc-h3\" style=\"text-align: center;\"><span style=\"font-size: large;\">FotoFinder <a href=\"https:\/\/www.anyajegyklinika.hu\/?page_id=135\"><strong>teljes testt\u00e9rk\u00e9pes<\/strong> anyajegysz\u0171r\u00e9s<\/a> szakorvosi ki\u00e9rt\u00e9kel\u00e9ssel &#8211; <em><strong>kontroll vizsg\u00e1lat <\/strong><\/em>(15 perc)<\/span><\/p>\n<\/div>\n<div class=\"mc-icon-row\" data-explained=\"price\"><\/div>\n<p>[\/et_pb_text][et_pb_text _builder_version=&#8221;4.27.4&#8243; _module_preset=&#8221;_initial&#8221; header_font=&#8221;||||||||&#8221; header_3_font=&#8221;Playfair Display|600|||||||&#8221; header_3_font_size=&#8221;25px&#8221; header_3_line_height=&#8221;1.4em&#8221; min_height=&#8221;50.8px&#8221; custom_margin=&#8221;10px||10px||false|false&#8221; custom_padding=&#8221;10px||10px||false|false&#8221; header_3_font_size_tablet=&#8221;20px&#8221; header_3_font_size_phone=&#8221;16px&#8221; header_3_font_size_last_edited=&#8221;on|desktop&#8221; global_colors_info=&#8221;{}&#8221;]<\/p>\n<div class=\"mc-icon-row\" data-explained=\"specialization\">\n<h2 style=\"text-align: center;\"><span style=\"color: #456145; font-size: x-large;\"><strong><span style=\"font-family: 'Open Sans';\">56.000 Ft<\/span><\/strong><\/span><\/h2>\n<\/div>\n<div class=\"mc-icon-row\" data-explained=\"price\"><\/div>\n<p>[\/et_pb_text][\/et_pb_column][\/et_pb_row][et_pb_row _builder_version=&#8221;4.27.4&#8243; _module_preset=&#8221;default&#8221; custom_padding=&#8221;50px|||||&#8221; global_colors_info=&#8221;{}&#8221;][et_pb_column type=&#8221;4_4&#8243; _builder_version=&#8221;4.27.4&#8243; _module_preset=&#8221;default&#8221; global_colors_info=&#8221;{}&#8221;][et_pb_button button_url=&#8221;https:\/\/medicall.cc\/idopontfoglalas\/privat-doktor\/doctors?specializationId=10066954&#8243; button_text=&#8221;id\u0151pontfoglal\u00e1s&#8221; button_alignment=&#8221;center&#8221; _builder_version=&#8221;4.27.4&#8243; custom_button=&#8221;on&#8221; button_text_size=&#8221;14px&#8221; button_text_color=&#8221;#ffffff&#8221; button_bg_color=&#8221;#456145&#8243; button_border_width=&#8221;0px&#8221; button_border_color=&#8221;RGBA(255,255,255,0)&#8221; button_border_radius=&#8221;0px&#8221; button_letter_spacing=&#8221;1.5px&#8221; button_font=&#8221;Josefin Sans|700||on|||||&#8221; button_icon=&#8221;&#x24;||divi||400&#8243; button_icon_color=&#8221;#FFFFFF&#8221; custom_padding=&#8221;23px|32px|23px|32px|true|true&#8221; animation_style=&#8221;bounce&#8221; button_text_size_tablet=&#8221;14px&#8221; button_text_size_phone=&#8221;13px&#8221; button_text_size_last_edited=&#8221;on|phone&#8221; button_text_shadow_style=&#8221;preset1&#8243; button_text_shadow_color=&#8221;RGBA(255,255,255,0)&#8221; box_shadow_style=&#8221;preset1&#8243; box_shadow_color=&#8221;#456145&#8243; locked=&#8221;off&#8221; global_colors_info=&#8221;{}&#8221;][\/et_pb_button][\/et_pb_column][\/et_pb_row][\/et_pb_section]<\/p>\n","protected":false},"excerpt":{"rendered":"<p>\u00c1rak FotoFinder 1-3 db anyajegy digit\u00e1lis vizsg\u00e1lata szakorvosi ki\u00e9rt\u00e9kel\u00e9ssel (15 perc) 20.000 Ft FotoFinder teljes testt\u00e9rk\u00e9pes anyajegysz\u0171r\u00e9s szakorvosi ki\u00e9rt\u00e9kel\u00e9ssel (60 perc) 59.000 Ft FotoFinder teljes testt\u00e9rk\u00e9pes anyajegysz\u0171r\u00e9s szakorvosi ki\u00e9rt\u00e9kel\u00e9ssel &#8211; kontroll vizsg\u00e1lat (15 perc) 56.000 Ft<\/p>\n","protected":false},"author":4,"featured_media":0,"parent":0,"menu_order":0,"comment_status":"closed","ping_status":"closed","template":"","meta":{"_et_pb_use_builder":"on","_et_pb_old_content":"","_et_gb_content_width":"","footnotes":""},"class_list":["post-316","page","type-page","status-publish","hentry"],"_links":{"self":[{"href":"https:\/\/www.anyajegyklinika.hu\/index.php?rest_route=\/wp\/v2\/pages\/316","targetHints":{"allow":["GET"]}}],"collection":[{"href":"https:\/\/www.anyajegyklinika.hu\/index.php?rest_route=\/wp\/v2\/pages"}],"about":[{"href":"https:\/\/www.anyajegyklinika.hu\/index.php?rest_route=\/wp\/v2\/types\/page"}],"author":[{"embeddable":true,"href":"https:\/\/www.anyajegyklinika.hu\/index.php?rest_route=\/wp\/v2\/users\/4"}],"replies":[{"embeddable":true,"href":"https:\/\/www.anyajegyklinika.hu\/index.php?rest_route=%2Fwp%2Fv2%2Fcomments&post=316"}],"version-history":[{"count":21,"href":"https:\/\/www.anyajegyklinika.hu\/index.php?rest_route=\/wp\/v2\/pages\/316\/revisions"}],"predecessor-version":[{"id":355,"href":"https:\/\/www.anyajegyklinika.hu\/index.php?rest_route=\/wp\/v2\/pages\/316\/revisions\/355"}],"wp:attachment":[{"href":"https:\/\/www.anyajegyklinika.hu\/index.php?rest_route=%2Fwp%2Fv2%2Fmedia&parent=316"}],"curies":[{"name":"wp","href":"https:\/\/api.w.org\/{rel}","templated":true}]}}